{"id":3710,"date":"2026-01-21T23:49:20","date_gmt":"2026-01-21T22:49:20","guid":{"rendered":"http:\/\/www.bloguecornella.es\/wordpress\/?page_id=3710"},"modified":"2026-01-21T23:49:20","modified_gmt":"2026-01-21T22:49:20","slug":"pagina-en-construccion","status":"publish","type":"page","link":"http:\/\/www.bloguecornella.es\/wordpress\/pagina-en-construccion\/","title":{"rendered":"P\u00e1gina en Construcci\u00f3n"},"content":{"rendered":"\n<p>Actualmente, se est\u00e1 trabajando en la mejora de este espacio en el Blog.<\/p>\n\n\n\n<p>Mantente alerta&#8230; \u00a1porque aqu\u00ed pasar\u00e1n cosas!<\/p>\n","protected":false},"excerpt":{"rendered":"<p>Actualmente, se est\u00e1 trabajando en la mejora de este espacio en el Blog. Mantente alerta&#8230; \u00a1porque aqu\u00ed pasar\u00e1n cosas!<\/p>\n","protected":false},"author":1,"featured_media":0,"parent":0,"menu_order":0,"comment_status":"closed","ping_status":"closed","template":"","meta":{"_eb_attr":"","advanced_seo_description":"","jetpack_seo_html_title":"","jetpack_seo_noindex":false,"jetpack_post_was_ever_published":false,"footnotes":""},"class_list":["post-3710","page","type-page","status-publish","hentry"],"jetpack_sharing_enabled":true,"jetpack-related-posts":[{"id":2,"url":"http:\/\/www.bloguecornella.es\/wordpress\/pagina-ejemplo\/","url_meta":{"origin":3710,"position":0},"title":"P\u00e1gina de ejemplo","author":"bloguecornella","date":"20 de noviembre de 2024","format":false,"excerpt":"Esta es una p\u00e1gina de ejemplo. Es diferente a una entrada del blog porque permanecer\u00e1 en un solo lugar y aparecer\u00e1 en la navegaci\u00f3n de tu sitio (en la mayor\u00eda de los temas). La mayor\u00eda de las personas comienzan con una p\u00e1gina \u00abAcerca de\u00bb que les presenta a los visitantes\u2026","rel":"","context":"Entrada similar","block_context":{"text":"Entrada similar","link":""},"img":{"alt_text":"","src":"","width":0,"height":0},"classes":[]},{"id":1041,"url":"http:\/\/www.bloguecornella.es\/wordpress\/vlog\/","url_meta":{"origin":3710,"position":1},"title":"Media","author":"bloguecornella","date":"6 de marzo de 2025","format":false,"excerpt":"En est\u00e1 p\u00e1gina, podr\u00e1s visualizar el contenido visual del Blog de la UE Cornell\u00e0, entre videos, entrevistas y directos. Vlogs - Youtube https:\/\/www.youtube.com\/watch?v=PejVPl0CgoU https:\/\/youtu.be\/4ean1z9LsPs https:\/\/youtu.be\/FMLega31JkU https:\/\/youtu.be\/gA5qtx-qMr0 https:\/\/youtu.be\/jWT3foZk6K0 Entrevistas","rel":"","context":"Entrada similar","block_context":{"text":"Entrada similar","link":""},"img":{"alt_text":"","src":"https:\/\/i0.wp.com\/img.youtube.com\/vi\/PejVPl0CgoU\/0.jpg?resize=350%2C200","width":350,"height":200},"classes":[]},{"id":390,"url":"http:\/\/www.bloguecornella.es\/wordpress\/historia-cd-fontsanta-fatjo\/","url_meta":{"origin":3710,"position":2},"title":"Historia CD Fontsanta Fatjo","author":"bloguecornella","date":"5 de noviembre de 2024","format":false,"excerpt":"En est\u00e1 p\u00e1gina, se podr\u00e1 consultar la trayectoria del CD Fontsanta Fatjo, desde la temporada 2014-15 hasta la actualidad. TemporadaCategor\u00edaGrupoPuestoPuntos2023\/243\u00aa Catalana125\u00ba522022\/233\u00aa Catalana105\u00ba602021\/222\u00aa Catalana415\u00ba182020\/21*2\u00aa Catalana610\u00ba02019\/20*2\u00aa Catalana314\u00ba272018\/192\u00aa Catalana39\u00ba482017\/182\u00aa Catalana36\u00ba542016\/172\u00aa Catalana35\u00ba532015\/162\u00aa Catalana313\u00ba422014\/153\u00aa Catalana101\u00ba85 Nota: En la temporada 2020\/21 se suspendi\u00f3 la competici\u00f3n, por la pandemia, en la jornada 2. En la temporada 2019\/20\u2026","rel":"","context":"Entrada similar","block_context":{"text":"Entrada similar","link":""},"img":{"alt_text":"","src":"","width":0,"height":0},"classes":[]},{"id":373,"url":"http:\/\/www.bloguecornella.es\/wordpress\/historia-ue-sant-ildefons\/","url_meta":{"origin":3710,"position":3},"title":"Historia UE Sant Ildefons","author":"bloguecornella","date":"4 de noviembre de 2024","format":false,"excerpt":"En est\u00e1 p\u00e1gina, se mostrara la historia de la UE Sant Ildefons, desde la temporada 2014\/15 hasta la actualidad. TemporadaCategor\u00edaGrupoPosici\u00f3nPuntos2023\/241\u00aa Catalana33\u00ba542022\/232\u00aa Catalana52\u00ba362021\/221\u00aa Catalana212\u00ba212020\/211\u00aa Catalana38\u00ba172019\/201\u00aa Catalana216\u00ba182018\/191\u00aa Catalana213\u00ba382017\/181\u00aa Catalana2Sin valorSin valor2016\/171\u00aa Catalana28\u00ba482015\/161\u00aa Catalana29\u00ba502014\/151\u00aa Catalana27\u00ba48 Notas: No tengo resultados de la temporada 2017\/18 La temporada 2019\/20 se paro en la Jornada 23 por\u2026","rel":"","context":"Entrada similar","block_context":{"text":"Entrada similar","link":""},"img":{"alt_text":"","src":"","width":0,"height":0},"classes":[]},{"id":278,"url":"http:\/\/www.bloguecornella.es\/wordpress\/historia-copa-del-rey\/","url_meta":{"origin":3710,"position":4},"title":"Historia Copa del Rey","author":"bloguecornella","date":"4 de noviembre de 2024","format":false,"excerpt":"En construcci\u00f3n.","rel":"","context":"Entrada similar","block_context":{"text":"Entrada similar","link":""},"img":{"alt_text":"","src":"","width":0,"height":0},"classes":[]},{"id":2161,"url":"http:\/\/www.bloguecornella.es\/wordpress\/nueva-pena-ue-cornella\/","url_meta":{"origin":3710,"position":5},"title":"Penya V\u00eda F\u00e8rrea UEC","author":"bloguecornella","date":"11 de agosto de 2025","format":false,"excerpt":"En construcci\u00f3n.","rel":"","context":"Entrada similar","block_context":{"text":"Entrada similar","link":""},"img":{"alt_text":"","src":"","width":0,"height":0},"classes":[]}],"_links":{"self":[{"href":"http:\/\/www.bloguecornella.es\/wordpress\/wp-json\/wp\/v2\/pages\/3710","targetHints":{"allow":["GET"]}}],"collection":[{"href":"http:\/\/www.bloguecornella.es\/wordpress\/wp-json\/wp\/v2\/pages"}],"about":[{"href":"http:\/\/www.bloguecornella.es\/wordpress\/wp-json\/wp\/v2\/types\/page"}],"author":[{"embeddable":true,"href":"http:\/\/www.bloguecornella.es\/wordpress\/wp-json\/wp\/v2\/users\/1"}],"replies":[{"embeddable":true,"href":"http:\/\/www.bloguecornella.es\/wordpress\/wp-json\/wp\/v2\/comments?post=3710"}],"version-history":[{"count":1,"href":"http:\/\/www.bloguecornella.es\/wordpress\/wp-json\/wp\/v2\/pages\/3710\/revisions"}],"predecessor-version":[{"id":3711,"href":"http:\/\/www.bloguecornella.es\/wordpress\/wp-json\/wp\/v2\/pages\/3710\/revisions\/3711"}],"wp:attachment":[{"href":"http:\/\/www.bloguecornella.es\/wordpress\/wp-json\/wp\/v2\/media?parent=3710"}],"curies":[{"name":"wp","href":"https:\/\/api.w.org\/{rel}","templated":true}]}}

Página en Construcción

<p>Actualmente, se está trabajando en la mejora de este espacio en el Blog.</p>



<p>Mantente alerta&#8230; ¡porque aquí pasarán cosas!</p>

<p>Actualmente, se está trabajando en la mejora de este espacio en el Blog. Mantente alerta&#8230; ¡porque aquí pasarán cosas!</p>

Página de ejemplo

Esta es una página de ejemplo. Es diferente a una entrada del blog porque permanecerá en un solo lugar y aparecerá en la navegación de tu sitio (en la mayoría de los temas). La mayoría de las personas comienzan con una página «Acerca de» que les presenta a los visitantes…

En está página, podrás visualizar el contenido visual del Blog de la UE Cornellà, entre videos, entrevistas y directos. Vlogs - Youtube https://www.youtube.com/watch?v=PejVPl0CgoU https://youtu.be/4ean1z9LsPs https://youtu.be/FMLega31JkU https://youtu.be/gA5qtx-qMr0 https://youtu.be/jWT3foZk6K0 Entrevistas

En está página, se podrá consultar la trayectoria del CD Fontsanta Fatjo, desde la temporada 2014-15 hasta la actualidad. TemporadaCategoríaGrupoPuestoPuntos2023/243ª Catalana125º522022/233ª Catalana105º602021/222ª Catalana415º182020/21*2ª Catalana610º02019/20*2ª Catalana314º272018/192ª Catalana39º482017/182ª Catalana36º542016/172ª Catalana35º532015/162ª Catalana313º422014/153ª Catalana101º85 Nota: En la temporada 2020/21 se suspendió la competición, por la pandemia, en la jornada 2. En la temporada 2019/20…

En está página, se mostrara la historia de la UE Sant Ildefons, desde la temporada 2014/15 hasta la actualidad. TemporadaCategoríaGrupoPosiciónPuntos2023/241ª Catalana33º542022/232ª Catalana52º362021/221ª Catalana212º212020/211ª Catalana38º172019/201ª Catalana216º182018/191ª Catalana213º382017/181ª Catalana2Sin valorSin valor2016/171ª Catalana28º482015/161ª Catalana29º502014/151ª Catalana27º48 Notas: No tengo resultados de la temporada 2017/18 La temporada 2019/20 se paro en la Jornada 23 por…

En construcción.

Penya Vía Fèrrea UEC
