{"id":201,"date":"2024-10-01T09:49:15","date_gmt":"2024-10-01T07:49:15","guid":{"rendered":"https:\/\/bloguecornella.wordpress.com\/?page_id=201"},"modified":"2026-01-11T23:39:02","modified_gmt":"2026-01-11T22:39:02","slug":"historia-ue-cornella","status":"publish","type":"page","link":"http:\/\/www.bloguecornella.es\/wordpress\/historia-ue-cornella\/","title":{"rendered":"Historia UE Cornella"},"content":{"rendered":"\n<p>A lo largo de los 74 a\u00f1os de existencia que tiene la UE Cornell\u00e0, desde el 1951, mostramos en que categor\u00edas han estado participando y su posici\u00f3n:<\/p>\n\n\n\n<p><strong>Resumen trayectoria<\/strong><\/p>\n\n\n\n<figure class=\"wp-block-table is-style-stripes has-small-font-size\" style=\"margin-top:var(--wp--preset--spacing--40);margin-right:0;margin-bottom:var(--wp--preset--spacing--40);margin-left:0\"><table class=\"has-border-color has-contrast-border-color has-fixed-layout\" style=\"border-width:3px\"><thead><tr><th>Categor\u00eda<\/th><th>Temporadas<\/th><\/tr><\/thead><tbody><tr><td>1\u00aa Divisi\u00f3n (La Liga)<\/td><td>0<\/td><\/tr><tr><td>2\u00aa Divisi\u00f3n (La Liga 2)<\/td><td>0<\/td><\/tr><tr><td>Primera Federaci\u00f3n<\/td><td>3<\/td><\/tr><tr><td>Segunda Federaci\u00f3n (2\u00aa Divisi\u00f3n B)<\/td><td>8<\/td><\/tr><tr><td>Tercera Federaci\u00f3n (3\u00aa Divisi\u00f3n)<\/td><td>13<\/td><\/tr><tr><td>Lliga Elit<\/td><td>0<\/td><\/tr><tr><td>Primera Catalana (Regional Preferente)<\/td><td>6<\/td><\/tr><tr><td>Segunda Catalana (Preferente Territorial)<\/td><td>4<\/td><\/tr><\/tbody><\/table><\/figure>\n\n\n\n<p><strong>Trayectoria detallada<\/strong><\/p>\n\n\n\n<figure class=\"wp-block-table is-style-stripes has-small-font-size\" style=\"padding-top:var(--wp--preset--spacing--30);padding-bottom:var(--wp--preset--spacing--30)\"><table class=\"has-border-color has-contrast-border-color has-fixed-layout\" style=\"border-width:3px\"><thead><tr><th>Temporada<\/th><th>Categor\u00eda<\/th><th>Grupo<\/th><th>Posici\u00f3n<\/th><th>Puntos<\/th><\/tr><\/thead><tbody><tr><td><em>2025\/26<\/em><\/td><td><em>3\u00aa Federaci\u00f3n<\/em><\/td><td><em>5<\/em><\/td><td><em>2\u00ba<\/em><\/td><td>33 <em>(Jornada 17)<\/em><\/td><\/tr><tr><td>2024\/25<\/td><td>2\u00aa Federaci\u00f3n<\/td><td>3<\/td><td>14\u00ba<\/td><td>38<\/td><\/tr><tr><td>2023\/24<\/td><td>1\u00aa Federaci\u00f3n<\/td><td>1<\/td><td>18\u00ba<\/td><td>35<\/td><\/tr><tr><td>2022\/23<\/td><td>1\u00aa Federaci\u00f3n<\/td><td>1<\/td><td>11\u00ba<\/td><td>49<\/td><\/tr><tr><td>2021\/22<\/td><td>1\u00aa Federaci\u00f3n<\/td><td>2<\/td><td>14\u00ba<\/td><td>48<\/td><\/tr><tr><td>2020\/21<\/td><td>2\u00aa Divisi\u00f3n B<\/td><td>1\u00aa Fase<br>2\u00aa Fase<\/td><td>5\u00ba<br>1\u00ba<\/td><td>29<br>13<\/td><\/tr><tr><td>2019\/20<\/td><td>2\u00aa Divisi\u00f3n B<\/td><td>3<\/td><td>4\u00ba<\/td><td>49 (Suspendido J28)<\/td><\/tr><tr><td>2018\/19<\/td><td>2\u00aa Divisi\u00f3n B<\/td><td>3<\/td><td>4\u00ba<\/td><td>58<\/td><\/tr><tr><td>2017\/18<\/td><td>2\u00aa Divisi\u00f3n B<\/td><td>3<\/td><td>4\u00ba<\/td><td>60<\/td><\/tr><tr><td>2016\/17<\/td><td>2\u00aa Divisi\u00f3n B<\/td><td>3<\/td><td>9\u00ba<\/td><td>52<\/td><\/tr><tr><td>2015\/16<\/td><td>2\u00aa Divisi\u00f3n B<\/td><td>3<\/td><td>5\u00ba<\/td><td>60<\/td><\/tr><tr><td>2014\/15<\/td><td>2\u00aa Divisi\u00f3n B<\/td><td>3<\/td><td>15\u00ba<\/td><td>45<\/td><\/tr><tr><td>2013\/14<\/td><td>3\u00aa Divisi\u00f3n<\/td><td>5<\/td><td>1\u00ba<\/td><td>72<\/td><\/tr><tr><td>2012\/13<\/td><td>3\u00aa Divisi\u00f3n<\/td><td>5<\/td><td>2\u00ba<\/td><td>79<\/td><\/tr><tr><td>2011\/12<\/td><td>3\u00aa Divisi\u00f3n<\/td><td>5<\/td><td>5\u00ba<\/td><td>62<\/td><\/tr><tr><td>2010\/11<\/td><td>3\u00aa Divisi\u00f3n<\/td><td>5<\/td><td>8\u00ba<\/td><td>55<\/td><\/tr><tr><td>2009\/10<\/td><td>3\u00aa Divisi\u00f3n<\/td><td>5<\/td><td>5\u00ba<\/td><td>61<\/td><\/tr><tr><td>2008\/09<\/td><td>3\u00aa Divisi\u00f3n<\/td><td>5<\/td><td>12\u00ba<\/td><td>48<\/td><\/tr><tr><td>2007\/08<\/td><td>Primera Catalana<\/td><td>1<\/td><td>1\u00ba<\/td><td>80<\/td><\/tr><tr><td>2006\/07<\/td><td>Primera Catalana<\/td><td>1<\/td><td>6\u00ba<\/td><td>58<\/td><\/tr><tr><td>2005\/06<\/td><td>3\u00aa Divisi\u00f3n<\/td><td>5<\/td><td>17\u00ba<\/td><td>38<\/td><\/tr><tr><td>2004\/05<\/td><td>3\u00aa Divisi\u00f3n<\/td><td>5<\/td><td>16\u00ba<\/td><td>41<\/td><\/tr><tr><td>2003\/04<\/td><td>3\u00aa Divisi\u00f3n<\/td><td>5<\/td><td>13\u00ba<\/td><td>47<\/td><\/tr><tr><td>2002\/03<\/td><td>Primera Catalana<\/td><td>1<\/td><td>1\u00ba<\/td><td>80<\/td><\/tr><tr><td>2001\/02<\/td><td>3\u00aa Divisi\u00f3n<\/td><td>5<\/td><td>18\u00ba<\/td><td>43<\/td><\/tr><tr><td>2000\/01<\/td><td>3\u00aa Divisi\u00f3n<\/td><td>5<\/td><td>15\u00ba<\/td><td>44<\/td><\/tr><tr><td>1999\/00<\/td><td>3\u00aa Divisi\u00f3n<\/td><td>5<\/td><td>4\u00ba<\/td><td>68<\/td><\/tr><tr><td>1998\/99<\/td><td>Primera Catalana<\/td><td>1<\/td><td>2\u00ba<\/td><td>80<\/td><\/tr><tr><td>1997\/98<\/td><td>Primera Catalana<\/td><td>1<\/td><td>9\u00ba<\/td><td>55<\/td><\/tr><tr><td>1996\/97<\/td><td>Primera Catalana<\/td><td>1<\/td><td>5\u00ba<\/td><td>69<\/td><\/tr><tr><td>1995\/96<\/td><td>Preferente Territorial<\/td><td>2<\/td><td>1\u00ba<\/td><td>74<\/td><\/tr><tr><td>1994\/95<\/td><td>Preferente Territorial<\/td><td>2<\/td><td>4\u00ba<\/td><td>42<\/td><\/tr><tr><td>1993\/94<\/td><td>Preferente Territorial<\/td><td>2<\/td><td>3\u00ba<\/td><td>42<\/td><\/tr><tr><td>1992\/93<\/td><td>Preferente Territorial<\/td><td>2<\/td><td>5\u00ba<\/td><td>37<\/td><\/tr><tr><td>1991\/92<\/td><td>Preferente Territorial<\/td><td>2<\/td><td>3\u00ba<\/td><td>43<\/td><\/tr><tr><td>1990\/91<\/td><td>Primera Regional <\/td><td>3<\/td><td>1\u00ba<\/td><td>54<\/td><\/tr><\/tbody><\/table><\/figure>\n","protected":false},"excerpt":{"rendered":"<p>A lo largo de los 74 a\u00f1os de existencia que tiene la UE Cornell\u00e0, desde el 1951, mostramos en que categor\u00edas han estado participando y su posici\u00f3n: Resumen trayectoria Categor\u00eda Temporadas 1\u00aa Divisi\u00f3n (La Liga) 0 2\u00aa Divisi\u00f3n (La Liga 2) 0 Primera Federaci\u00f3n 3 Segunda Federaci\u00f3n (2\u00aa Divisi\u00f3n B) 8 Tercera Federaci\u00f3n (3\u00aa Divisi\u00f3n) [&hellip;]<\/p>\n","protected":false},"author":1,"featured_media":916,"parent":0,"menu_order":0,"comment_status":"closed","ping_status":"closed","template":"","meta":{"_eb_attr":"","advanced_seo_description":"","jetpack_seo_html_title":"","jetpack_seo_noindex":false,"jetpack_post_was_ever_published":false,"footnotes":""},"class_list":["post-201","page","type-page","status-publish","has-post-thumbnail","hentry"],"jetpack_sharing_enabled":true,"jetpack-related-posts":[{"id":1303,"url":"http:\/\/www.bloguecornella.es\/wordpress\/ue-cornella-juvenil-a-division-honor-grupo-3\/","url_meta":{"origin":201,"position":0},"title":"UE Cornell\u00e0 &#8211; Juvenil A","author":"bloguecornella","date":"5 de mayo de 2025","format":false,"excerpt":"\u00daltimas noticias sobre el Juvenil A de la UE Cornell\u00e0 masculino. Enlaces de inter\u00e9s Calendario Temporada 2025\/26 Clasificaci\u00f3n Juvenil Divisi\u00f3n Honor 2025\/26 Historia Juvenil A - UE Cornell\u00e0 Clasificaci\u00f3n Divisi\u00f3n Honor Juvenil - Grupo 3 Temporada 2025\/26\u00a0","rel":"","context":"Entrada similar","block_context":{"text":"Entrada similar","link":""},"img":{"alt_text":"","src":"","width":0,"height":0},"classes":[]},{"id":1515,"url":"http:\/\/www.bloguecornella.es\/wordpress\/historia-juvenil-a-ue-cornella\/","url_meta":{"origin":201,"position":1},"title":"Historia Juvenil A &#8211; UE Cornell\u00e0","author":"bloguecornella","date":"19 de mayo de 2025","format":false,"excerpt":"En est\u00e1 p\u00e1gina, mostraremos la historia del Juvenil A Masculino. Actualmente, suma 23 temporadas consecutivas en la m\u00e1xima categor\u00eda de la Divisi\u00f3n de Honor Juvenil. Trayectoria resumida Categor\u00edaTemporadasDivisi\u00f3n Honor Juvenil24Liga Nacional Juvenil2 Trayectoria detallada TemporadaCategor\u00edaGrupoPosici\u00f3nPuntos2025\/26Divisi\u00f3n Honor Juvenil3Pdte.02024\/25Divisi\u00f3n Honor Juvenil312\u00ba312023\/24Divisi\u00f3n Honor Juvenil311\u00ba352022\/23Divisi\u00f3n Honor Juvenil39\u00ba402021\/22Divisi\u00f3n Honor Juvenil36\u00ba512020\/21Divisi\u00f3n Honor Juvenil38\u00ba202019\/20Divisi\u00f3n Honor Juvenil36\u00ba39 (Suspendido\u2026","rel":"","context":"Entrada similar","block_context":{"text":"Entrada similar","link":""},"img":{"alt_text":"","src":"","width":0,"height":0},"classes":[]},{"id":1486,"url":"http:\/\/www.bloguecornella.es\/wordpress\/historia-fundacio-ue-cornella-femenino\/","url_meta":{"origin":201,"position":2},"title":"Historia Fundaci\u00f3 UE Cornell\u00e0 &#8211; Femenino","author":"bloguecornella","date":"12 de mayo de 2025","format":false,"excerpt":"En est\u00e1 p\u00e1gina, mostraremos la historia m\u00e1s reciente de la Fundaci\u00f3 UE Cornell\u00e0, en su secci\u00f3n femenina amateur. Desde su fundaci\u00f3n en la temporada 2017, el crecimiento ha sido mete\u00f3rico, hasta asentarse en competici\u00f3n nacional desde la 2022\/23. Trayectoria resumida Categor\u00edaTemporadas1\u00aa Divisi\u00f3n (Liga F)0Primera Federaci\u00f3n0Segunda Federaci\u00f3n1Tercera Federaci\u00f3n3Preferente Catalana3Primera Catalana2 Trayectoria\u2026","rel":"","context":"Entrada similar","block_context":{"text":"Entrada similar","link":""},"img":{"alt_text":"","src":"https:\/\/i0.wp.com\/www.bloguecornella.es\/wordpress\/wp-content\/uploads\/2025\/05\/Fundacio-UE-Cornella.png?fit=377%2C472&resize=350%2C200","width":350,"height":200},"classes":[]},{"id":1533,"url":"http:\/\/www.bloguecornella.es\/wordpress\/calendario-25-26-ue-cornella\/","url_meta":{"origin":201,"position":3},"title":"Calendario 25\/26 &#8211; UE Cornell\u00e0","author":"bloguecornella","date":"20 de mayo de 2025","format":false,"excerpt":"Mostramos el calendario del equipo masculino de la UE Cornell\u00e0, en esta temporada 2025\/26. El equipo compite en la Tercera Federaci\u00f3n - Grupo 5. PONER EN HORIZONTAL SI ESTAIS EN VERSION MOBIL JornadaFechaHoraEquipo LocalGoles LocalGoles VisitanteEquipo VisitanteRetransmisi\u00f3n v\u00eda Twitch107\/09\/2025Por DeterminarUE VicUE Cornell\u00e0214\/09\/2025Por DeterminarUE Cornell\u00e0CF Peralada321\/09\/2025Por DeterminarCerdanyola del Valles CFUE Cornell\u00e0428\/09\/2025Por\u2026","rel":"","context":"Entrada similar","block_context":{"text":"Entrada similar","link":""},"img":{"alt_text":"","src":"","width":0,"height":0},"classes":[]},{"id":1373,"url":"http:\/\/www.bloguecornella.es\/wordpress\/ue-cornella-25-26-tercera-federacion-grupo-5\/","url_meta":{"origin":201,"position":4},"title":"UE Cornell\u00e0 &#8211; Primer equipo","author":"bloguecornella","date":"5 de mayo de 2025","format":false,"excerpt":"\u00daltimas noticias sobre la UE Cornell\u00e0 Pr\u00f3ximos partidos \u00daltimos resultados Enlaces de inter\u00e9s Calendario Temporada 25\/26 Historia UE Cornell\u00e0 Clasificaci\u00f3n Tercera Federaci\u00f3n - Grupo V - 2025\/26","rel":"","context":"Entrada similar","block_context":{"text":"Entrada similar","link":""},"img":{"alt_text":"","src":"","width":0,"height":0},"classes":[]},{"id":1520,"url":"http:\/\/www.bloguecornella.es\/wordpress\/calendario-25-26-fundacio-ue-cornella\/","url_meta":{"origin":201,"position":5},"title":"Calendario 25\/26 &#8211; Fundaci\u00f3 UE Cornell\u00e0","author":"bloguecornella","date":"19 de mayo de 2025","format":false,"excerpt":"","rel":"","context":"Entrada similar","block_context":{"text":"Entrada similar","link":""},"img":{"alt_text":"","src":"","width":0,"height":0},"classes":[]}],"_links":{"self":[{"href":"http:\/\/www.bloguecornella.es\/wordpress\/wp-json\/wp\/v2\/pages\/201","targetHints":{"allow":["GET"]}}],"collection":[{"href":"http:\/\/www.bloguecornella.es\/wordpress\/wp-json\/wp\/v2\/pages"}],"about":[{"href":"http:\/\/www.bloguecornella.es\/wordpress\/wp-json\/wp\/v2\/types\/page"}],"author":[{"embeddable":true,"href":"http:\/\/www.bloguecornella.es\/wordpress\/wp-json\/wp\/v2\/users\/1"}],"replies":[{"embeddable":true,"href":"http:\/\/www.bloguecornella.es\/wordpress\/wp-json\/wp\/v2\/comments?post=201"}],"version-history":[{"count":10,"href":"http:\/\/www.bloguecornella.es\/wordpress\/wp-json\/wp\/v2\/pages\/201\/revisions"}],"predecessor-version":[{"id":3583,"href":"http:\/\/www.bloguecornella.es\/wordpress\/wp-json\/wp\/v2\/pages\/201\/revisions\/3583"}],"wp:featuredmedia":[{"embeddable":true,"href":"http:\/\/www.bloguecornella.es\/wordpress\/wp-json\/wp\/v2\/media\/916"}],"wp:attachment":[{"href":"http:\/\/www.bloguecornella.es\/wordpress\/wp-json\/wp\/v2\/media?parent=201"}],"curies":[{"name":"wp","href":"https:\/\/api.w.org\/{rel}","templated":true}]}}