{"id":1494,"date":"2025-05-16T00:22:16","date_gmt":"2025-05-15T22:22:16","guid":{"rendered":"http:\/\/www.bloguecornella.es\/wordpress\/?page_id=1494"},"modified":"2025-08-19T10:19:47","modified_gmt":"2025-08-19T08:19:47","slug":"futbol-cornella","status":"publish","type":"page","link":"http:\/\/www.bloguecornella.es\/wordpress\/futbol-cornella\/","title":{"rendered":"F\u00fatbol Cornell\u00e0"},"content":{"rendered":"\n<p class=\"has-text-align-center has-large-font-size\" style=\"padding-top:0;padding-bottom:0\"><strong>Enlaces de inter\u00e9s<\/strong><\/p>\n\n\n\n<div class=\"wp-block-columns is-layout-flex wp-container-core-columns-is-layout-28f84493 wp-block-columns-is-layout-flex\">\n<div class=\"wp-block-column is-layout-flow wp-block-column-is-layout-flow\">\n<div class=\"wp-block-buttons is-content-justification-center is-layout-flex wp-container-core-buttons-is-layout-a89b3969 wp-block-buttons-is-layout-flex\">\n<div class=\"wp-block-button has-custom-width wp-block-button__width-50\"><a class=\"wp-block-button__link has-text-align-center wp-element-button\" href=\"http:\/\/www.bloguecornella.es\/wordpress\/clasificacion-ue-sant-ildefons-25-26\/\">Clasificaci\u00f3n UE Sant Ildefons 25\/26<\/a><\/div>\n\n\n\n<div class=\"wp-block-button has-custom-width wp-block-button__width-50\"><a class=\"wp-block-button__link wp-element-button\" href=\"http:\/\/www.bloguecornella.es\/wordpress\/clasificacion-cd-almeda-25-26\/\">Clasificaci\u00f3n CD Almeda 25\/26<\/a><\/div>\n\n\n\n<div class=\"wp-block-button has-custom-width wp-block-button__width-50\"><a class=\"wp-block-button__link wp-element-button\" href=\"http:\/\/www.bloguecornella.es\/wordpress\/clasificacion-cd-fontsanta-fatjo-25-26\/\">Clasificaci\u00f3n CD Fontsanta-Fatjo 25\/26<\/a><\/div>\n<\/div>\n<\/div>\n<\/div>\n\n\n\n<p class=\"has-text-align-center has-large-font-size\" style=\"padding-top:var(--wp--preset--spacing--30);padding-bottom:var(--wp--preset--spacing--30)\"><strong>\u00daltimas noticias sobre el f\u00fatbol en Cornell\u00e0 de Llobregat<\/strong><\/p>\n\n\n<ul class=\"wp-block-latest-posts__list is-grid columns-3 has-dates has-author aligncenter wp-block-latest-posts\"><li><div class=\"wp-block-latest-posts__featured-image\"><img loading=\"lazy\" decoding=\"async\" width=\"1024\" height=\"576\" src=\"https:\/\/i0.wp.com\/www.bloguecornella.es\/wordpress\/wp-content\/uploads\/2026\/02\/Futbol-Cornella-Capitulo-19-1.png?fit=1024%2C576\" class=\"attachment-large size-large wp-post-image\" alt=\"\" style=\"\" srcset=\"https:\/\/i0.wp.com\/www.bloguecornella.es\/wordpress\/wp-content\/uploads\/2026\/02\/Futbol-Cornella-Capitulo-19-1.png?w=1600 1600w, https:\/\/i0.wp.com\/www.bloguecornella.es\/wordpress\/wp-content\/uploads\/2026\/02\/Futbol-Cornella-Capitulo-19-1.png?resize=300%2C169 300w, https:\/\/i0.wp.com\/www.bloguecornella.es\/wordpress\/wp-content\/uploads\/2026\/02\/Futbol-Cornella-Capitulo-19-1.png?resize=1024%2C576 1024w, https:\/\/i0.wp.com\/www.bloguecornella.es\/wordpress\/wp-content\/uploads\/2026\/02\/Futbol-Cornella-Capitulo-19-1.png?resize=768%2C432 768w, https:\/\/i0.wp.com\/www.bloguecornella.es\/wordpress\/wp-content\/uploads\/2026\/02\/Futbol-Cornella-Capitulo-19-1.png?resize=1536%2C864 1536w, https:\/\/i0.wp.com\/www.bloguecornella.es\/wordpress\/wp-content\/uploads\/2026\/02\/Futbol-Cornella-Capitulo-19-1.png?resize=128%2C72 128w, https:\/\/i0.wp.com\/www.bloguecornella.es\/wordpress\/wp-content\/uploads\/2026\/02\/Futbol-Cornella-Capitulo-19-1.png?resize=32%2C18 32w\" sizes=\"auto, (max-width: 1000px) 100vw, 1000px\" \/><\/div><a class=\"wp-block-latest-posts__post-title\" href=\"http:\/\/www.bloguecornella.es\/wordpress\/2026\/02\/19\/previa-capitulo-19-futbol-cornella-21-22-de-febrero-2026\/\">Previa cap\u00edtulo 19 &#8211; F\u00fatbol Cornell\u00e0 21-22 de Febrero 2026<\/a><div class=\"wp-block-latest-posts__post-author\">por bloguecornella<\/div><time datetime=\"2026-02-19T12:00:00+01:00\" class=\"wp-block-latest-posts__post-date\">19 de febrero de 2026<\/time><div class=\"wp-block-latest-posts__post-excerpt\">Segunda Catalana &#8211; Grupo 3 &#8211; Domingo 22 Febrero 2026 &#8211; 12:45h &#8211; Municipal de Sant Ildefons &#8211; UE Sant Ildefons (5\u00ba &#8211; 27 puntos) &#8211; UD Unificaci\u00f3n Bellvitge (3\u00ba &#8211; 32 puntos) Despu\u00e9s del par\u00f3n por el Carnaval, vuelve la UE Sant Ildefons a la carga para buscar amarrar el play-off de ascenso a&#8230; <a class=\"wp-block-latest-posts__read-more\" href=\"http:\/\/www.bloguecornella.es\/wordpress\/2026\/02\/19\/previa-capitulo-19-futbol-cornella-21-22-de-febrero-2026\/\" rel=\"noopener noreferrer\">Lee m\u00e1s<span class=\"screen-reader-text\">: Previa cap\u00edtulo 19 &#8211; F\u00fatbol Cornell\u00e0 21-22 de Febrero 2026<\/span><\/a><\/div><\/li>\n<li><div class=\"wp-block-latest-posts__featured-image\"><img loading=\"lazy\" decoding=\"async\" width=\"1024\" height=\"576\" src=\"https:\/\/i0.wp.com\/www.bloguecornella.es\/wordpress\/wp-content\/uploads\/2026\/02\/previas-futbol-cornella.png?fit=1024%2C576\" class=\"attachment-large size-large wp-post-image\" alt=\"\" style=\"\" srcset=\"https:\/\/i0.wp.com\/www.bloguecornella.es\/wordpress\/wp-content\/uploads\/2026\/02\/previas-futbol-cornella.png?w=1600 1600w, https:\/\/i0.wp.com\/www.bloguecornella.es\/wordpress\/wp-content\/uploads\/2026\/02\/previas-futbol-cornella.png?resize=300%2C169 300w, https:\/\/i0.wp.com\/www.bloguecornella.es\/wordpress\/wp-content\/uploads\/2026\/02\/previas-futbol-cornella.png?resize=1024%2C576 1024w, https:\/\/i0.wp.com\/www.bloguecornella.es\/wordpress\/wp-content\/uploads\/2026\/02\/previas-futbol-cornella.png?resize=768%2C432 768w, https:\/\/i0.wp.com\/www.bloguecornella.es\/wordpress\/wp-content\/uploads\/2026\/02\/previas-futbol-cornella.png?resize=1536%2C864 1536w, https:\/\/i0.wp.com\/www.bloguecornella.es\/wordpress\/wp-content\/uploads\/2026\/02\/previas-futbol-cornella.png?resize=128%2C72 128w, https:\/\/i0.wp.com\/www.bloguecornella.es\/wordpress\/wp-content\/uploads\/2026\/02\/previas-futbol-cornella.png?resize=32%2C18 32w\" sizes=\"auto, (max-width: 1000px) 100vw, 1000px\" \/><\/div><a class=\"wp-block-latest-posts__post-title\" href=\"http:\/\/www.bloguecornella.es\/wordpress\/2026\/02\/05\/previa-capitulo-18-futbol-cornella-7-8-febrero-2026\/\">Previa cap\u00edtulo 18 F\u00fatbol Cornell\u00e0 &#8211; 7-8 Febrero 2026<\/a><div class=\"wp-block-latest-posts__post-author\">por bloguecornella<\/div><time datetime=\"2026-02-05T11:17:13+01:00\" class=\"wp-block-latest-posts__post-date\">5 de febrero de 2026<\/time><div class=\"wp-block-latest-posts__post-excerpt\">Despu\u00e9s del triplete de victorias de la semana pasada, los equipos de Cornell\u00e0 de Llobregat buscar\u00e1n, tambi\u00e9n, un nuevo triplete que les permita acercarse a sus objetivos de subir de categor\u00eda. Segona Catalana &#8211; Grupo 3 -Domingo 8 de Febrero 2026 &#8211; 18:00h &#8211; Camp de F\u00fatbol Col.legi Sant Ignasi &#8211; CE Sant Ignasi (13\u00ba&#8230; <a class=\"wp-block-latest-posts__read-more\" href=\"http:\/\/www.bloguecornella.es\/wordpress\/2026\/02\/05\/previa-capitulo-18-futbol-cornella-7-8-febrero-2026\/\" rel=\"noopener noreferrer\">Lee m\u00e1s<span class=\"screen-reader-text\">: Previa cap\u00edtulo 18 F\u00fatbol Cornell\u00e0 &#8211; 7-8 Febrero 2026<\/span><\/a><\/div><\/li>\n<li><div class=\"wp-block-latest-posts__featured-image\"><img loading=\"lazy\" decoding=\"async\" width=\"1024\" height=\"576\" src=\"https:\/\/i0.wp.com\/www.bloguecornella.es\/wordpress\/wp-content\/uploads\/2026\/01\/Futbol-Cornella-Capitulo-16.png?fit=1024%2C576\" class=\"attachment-large size-large wp-post-image\" alt=\"\" style=\"\" srcset=\"https:\/\/i0.wp.com\/www.bloguecornella.es\/wordpress\/wp-content\/uploads\/2026\/01\/Futbol-Cornella-Capitulo-16.png?w=1600 1600w, https:\/\/i0.wp.com\/www.bloguecornella.es\/wordpress\/wp-content\/uploads\/2026\/01\/Futbol-Cornella-Capitulo-16.png?resize=300%2C169 300w, https:\/\/i0.wp.com\/www.bloguecornella.es\/wordpress\/wp-content\/uploads\/2026\/01\/Futbol-Cornella-Capitulo-16.png?resize=1024%2C576 1024w, https:\/\/i0.wp.com\/www.bloguecornella.es\/wordpress\/wp-content\/uploads\/2026\/01\/Futbol-Cornella-Capitulo-16.png?resize=768%2C432 768w, https:\/\/i0.wp.com\/www.bloguecornella.es\/wordpress\/wp-content\/uploads\/2026\/01\/Futbol-Cornella-Capitulo-16.png?resize=1536%2C864 1536w, https:\/\/i0.wp.com\/www.bloguecornella.es\/wordpress\/wp-content\/uploads\/2026\/01\/Futbol-Cornella-Capitulo-16.png?resize=128%2C72 128w, https:\/\/i0.wp.com\/www.bloguecornella.es\/wordpress\/wp-content\/uploads\/2026\/01\/Futbol-Cornella-Capitulo-16.png?resize=32%2C18 32w\" sizes=\"auto, (max-width: 1000px) 100vw, 1000px\" \/><\/div><a class=\"wp-block-latest-posts__post-title\" href=\"http:\/\/www.bloguecornella.es\/wordpress\/2026\/01\/22\/previa-capitulo-16-futbol-cornella-24-25-enero-2026\/\">Previa cap\u00edtulo 16 F\u00fatbol Cornell\u00e0 24-25 enero 2026<\/a><div class=\"wp-block-latest-posts__post-author\">por bloguecornella<\/div><time datetime=\"2026-01-22T15:00:00+01:00\" class=\"wp-block-latest-posts__post-date\">22 de enero de 2026<\/time><div class=\"wp-block-latest-posts__post-excerpt\">Acaba la primera vuelta y comienza la segunda. Nuestros equipos de la ciudad buscaran comenzar con buen pie y seguir en el objetivo de poder subir de categor\u00eda. Aqu\u00ed, la UE Sant Ildefons, necesita acabar ya con la racha negativa que tiene y CD Almeda y CD Fontsanta-Fatjo sumar de tres en su larga racha&#8230; <a class=\"wp-block-latest-posts__read-more\" href=\"http:\/\/www.bloguecornella.es\/wordpress\/2026\/01\/22\/previa-capitulo-16-futbol-cornella-24-25-enero-2026\/\" rel=\"noopener noreferrer\">Lee m\u00e1s<span class=\"screen-reader-text\">: Previa cap\u00edtulo 16 F\u00fatbol Cornell\u00e0 24-25 enero 2026<\/span><\/a><\/div><\/li>\n<li><div class=\"wp-block-latest-posts__featured-image\"><img loading=\"lazy\" decoding=\"async\" width=\"1024\" height=\"576\" src=\"https:\/\/i0.wp.com\/www.bloguecornella.es\/wordpress\/wp-content\/uploads\/2026\/01\/Futbol-Cornella-Capitulo-15-1.png?fit=1024%2C576\" class=\"attachment-large size-large wp-post-image\" alt=\"\" style=\"\" srcset=\"https:\/\/i0.wp.com\/www.bloguecornella.es\/wordpress\/wp-content\/uploads\/2026\/01\/Futbol-Cornella-Capitulo-15-1.png?w=1600 1600w, https:\/\/i0.wp.com\/www.bloguecornella.es\/wordpress\/wp-content\/uploads\/2026\/01\/Futbol-Cornella-Capitulo-15-1.png?resize=300%2C169 300w, https:\/\/i0.wp.com\/www.bloguecornella.es\/wordpress\/wp-content\/uploads\/2026\/01\/Futbol-Cornella-Capitulo-15-1.png?resize=1024%2C576 1024w, https:\/\/i0.wp.com\/www.bloguecornella.es\/wordpress\/wp-content\/uploads\/2026\/01\/Futbol-Cornella-Capitulo-15-1.png?resize=768%2C432 768w, https:\/\/i0.wp.com\/www.bloguecornella.es\/wordpress\/wp-content\/uploads\/2026\/01\/Futbol-Cornella-Capitulo-15-1.png?resize=1536%2C864 1536w, https:\/\/i0.wp.com\/www.bloguecornella.es\/wordpress\/wp-content\/uploads\/2026\/01\/Futbol-Cornella-Capitulo-15-1.png?resize=128%2C72 128w, https:\/\/i0.wp.com\/www.bloguecornella.es\/wordpress\/wp-content\/uploads\/2026\/01\/Futbol-Cornella-Capitulo-15-1.png?resize=32%2C18 32w\" sizes=\"auto, (max-width: 1000px) 100vw, 1000px\" \/><\/div><a class=\"wp-block-latest-posts__post-title\" href=\"http:\/\/www.bloguecornella.es\/wordpress\/2026\/01\/15\/previa-capitulo-15-futbol-cornella-17-18-enero-2026\/\">Previa cap\u00edtulo 15 F\u00fatbol Cornell\u00e0 &#8211; 17-18 enero 2026<\/a><div class=\"wp-block-latest-posts__post-author\">por bloguecornella<\/div><time datetime=\"2026-01-15T12:00:00+01:00\" class=\"wp-block-latest-posts__post-date\">15 de enero de 2026<\/time><div class=\"wp-block-latest-posts__post-excerpt\">Finaliza la primera vuelta y los objetivos se van cumpliendo, mas o menos, para todos los equipos de la ciudad. La UE Sant Ildefons, defiende un play-off que se le puede complicar, el CD Almeda est\u00e1 desatado y busca asaltar el liderato y la Fontsanta-Fatjo que est\u00e1 cerca, pero hay mucho nivel entre los filiales&#8230; <a class=\"wp-block-latest-posts__read-more\" href=\"http:\/\/www.bloguecornella.es\/wordpress\/2026\/01\/15\/previa-capitulo-15-futbol-cornella-17-18-enero-2026\/\" rel=\"noopener noreferrer\">Lee m\u00e1s<span class=\"screen-reader-text\">: Previa cap\u00edtulo 15 F\u00fatbol Cornell\u00e0 &#8211; 17-18 enero 2026<\/span><\/a><\/div><\/li>\n<li><div class=\"wp-block-latest-posts__featured-image\"><img loading=\"lazy\" decoding=\"async\" width=\"1024\" height=\"576\" src=\"https:\/\/i0.wp.com\/www.bloguecornella.es\/wordpress\/wp-content\/uploads\/2026\/01\/Futbol-Cornella-Capitulo-14.png?fit=1024%2C576\" class=\"attachment-large size-large wp-post-image\" alt=\"\" style=\"\" srcset=\"https:\/\/i0.wp.com\/www.bloguecornella.es\/wordpress\/wp-content\/uploads\/2026\/01\/Futbol-Cornella-Capitulo-14.png?w=1600 1600w, https:\/\/i0.wp.com\/www.bloguecornella.es\/wordpress\/wp-content\/uploads\/2026\/01\/Futbol-Cornella-Capitulo-14.png?resize=300%2C169 300w, https:\/\/i0.wp.com\/www.bloguecornella.es\/wordpress\/wp-content\/uploads\/2026\/01\/Futbol-Cornella-Capitulo-14.png?resize=1024%2C576 1024w, https:\/\/i0.wp.com\/www.bloguecornella.es\/wordpress\/wp-content\/uploads\/2026\/01\/Futbol-Cornella-Capitulo-14.png?resize=768%2C432 768w, https:\/\/i0.wp.com\/www.bloguecornella.es\/wordpress\/wp-content\/uploads\/2026\/01\/Futbol-Cornella-Capitulo-14.png?resize=1536%2C864 1536w, https:\/\/i0.wp.com\/www.bloguecornella.es\/wordpress\/wp-content\/uploads\/2026\/01\/Futbol-Cornella-Capitulo-14.png?resize=128%2C72 128w, https:\/\/i0.wp.com\/www.bloguecornella.es\/wordpress\/wp-content\/uploads\/2026\/01\/Futbol-Cornella-Capitulo-14.png?resize=32%2C18 32w\" sizes=\"auto, (max-width: 1000px) 100vw, 1000px\" \/><\/div><a class=\"wp-block-latest-posts__post-title\" href=\"http:\/\/www.bloguecornella.es\/wordpress\/2026\/01\/08\/previa-capitulo-14-futbol-cornella-10-11-enero-2026\/\">Previa cap\u00edtulo 14 F\u00fatbol Cornell\u00e0 &#8211; 10-11 Enero 2026<\/a><div class=\"wp-block-latest-posts__post-author\">por bloguecornella<\/div><time datetime=\"2026-01-08T14:00:00+01:00\" class=\"wp-block-latest-posts__post-date\">8 de enero de 2026<\/time><div class=\"wp-block-latest-posts__post-excerpt\">Vuelve la competici\u00f3n para el resto de equipos de nuestra ciudad, cuando solamente quedan dos encuentros para finalizar la primera vuelta de la competici\u00f3n. UE Sant Ildefons, CD Almeda y CD Fontsanta-Fatjo buscar\u00e1n la victoria en el estreno del 2026. Segunda Catalana &#8211; Grupo 3 &#8211; Domingo 11 de Enero 2026 &#8211; 12:45h &#8211; Municipal&#8230; <a class=\"wp-block-latest-posts__read-more\" href=\"http:\/\/www.bloguecornella.es\/wordpress\/2026\/01\/08\/previa-capitulo-14-futbol-cornella-10-11-enero-2026\/\" rel=\"noopener noreferrer\">Lee m\u00e1s<span class=\"screen-reader-text\">: Previa cap\u00edtulo 14 F\u00fatbol Cornell\u00e0 &#8211; 10-11 Enero 2026<\/span><\/a><\/div><\/li>\n<li><div class=\"wp-block-latest-posts__featured-image\"><img loading=\"lazy\" decoding=\"async\" width=\"1024\" height=\"576\" src=\"https:\/\/i0.wp.com\/www.bloguecornella.es\/wordpress\/wp-content\/uploads\/2025\/12\/Futbol-Cornella-Capitulo-13.png?fit=1024%2C576\" class=\"attachment-large size-large wp-post-image\" alt=\"\" style=\"\" srcset=\"https:\/\/i0.wp.com\/www.bloguecornella.es\/wordpress\/wp-content\/uploads\/2025\/12\/Futbol-Cornella-Capitulo-13.png?w=1600 1600w, https:\/\/i0.wp.com\/www.bloguecornella.es\/wordpress\/wp-content\/uploads\/2025\/12\/Futbol-Cornella-Capitulo-13.png?resize=300%2C169 300w, https:\/\/i0.wp.com\/www.bloguecornella.es\/wordpress\/wp-content\/uploads\/2025\/12\/Futbol-Cornella-Capitulo-13.png?resize=1024%2C576 1024w, https:\/\/i0.wp.com\/www.bloguecornella.es\/wordpress\/wp-content\/uploads\/2025\/12\/Futbol-Cornella-Capitulo-13.png?resize=768%2C432 768w, https:\/\/i0.wp.com\/www.bloguecornella.es\/wordpress\/wp-content\/uploads\/2025\/12\/Futbol-Cornella-Capitulo-13.png?resize=1536%2C864 1536w, https:\/\/i0.wp.com\/www.bloguecornella.es\/wordpress\/wp-content\/uploads\/2025\/12\/Futbol-Cornella-Capitulo-13.png?resize=128%2C72 128w, https:\/\/i0.wp.com\/www.bloguecornella.es\/wordpress\/wp-content\/uploads\/2025\/12\/Futbol-Cornella-Capitulo-13.png?resize=32%2C18 32w\" sizes=\"auto, (max-width: 1000px) 100vw, 1000px\" \/><\/div><a class=\"wp-block-latest-posts__post-title\" href=\"http:\/\/www.bloguecornella.es\/wordpress\/2025\/12\/18\/previa-capitulo-13-futbol-cornella-20-21-diciembre-2025\/\">Previa cap\u00edtulo 13 F\u00fatbol Cornell\u00e0: 20-21 Diciembre 2025<\/a><div class=\"wp-block-latest-posts__post-author\">por bloguecornella<\/div><time datetime=\"2025-12-18T12:00:00+01:00\" class=\"wp-block-latest-posts__post-date\">18 de diciembre de 2025<\/time><div class=\"wp-block-latest-posts__post-excerpt\">\u00daltima jornada del 2025. Tres para acabar la primera vuelta. Equipos en situaci\u00f3n cr\u00edtica como es la UE Sant Ildefons, que necesitan imperiosamente ganar, y CD Almeda y CD Fontsanta-Fatjo, seguir en din\u00e1mica positiva y conseguir la victoria para estar arriba. As\u00ed que&#8230; vamos con la previa. Segunda Catalana &#8211; Grupo 3 &#8211; Domingo 21&#8230; <a class=\"wp-block-latest-posts__read-more\" href=\"http:\/\/www.bloguecornella.es\/wordpress\/2025\/12\/18\/previa-capitulo-13-futbol-cornella-20-21-diciembre-2025\/\" rel=\"noopener noreferrer\">Lee m\u00e1s<span class=\"screen-reader-text\">: Previa cap\u00edtulo 13 F\u00fatbol Cornell\u00e0: 20-21 Diciembre 2025<\/span><\/a><\/div><\/li>\n<\/ul>","protected":false},"excerpt":{"rendered":"<p>Enlaces de inter\u00e9s \u00daltimas noticias sobre el f\u00fatbol en Cornell\u00e0 de Llobregat<\/p>\n","protected":false},"author":1,"featured_media":0,"parent":0,"menu_order":0,"comment_status":"closed","ping_status":"closed","template":"","meta":{"_eb_attr":"","advanced_seo_description":"","jetpack_seo_html_title":"","jetpack_seo_noindex":false,"jetpack_post_was_ever_published":false,"footnotes":""},"class_list":["post-1494","page","type-page","status-publish","hentry"],"jetpack_sharing_enabled":true,"jetpack-related-posts":[{"id":1373,"url":"http:\/\/www.bloguecornella.es\/wordpress\/ue-cornella-25-26-tercera-federacion-grupo-5\/","url_meta":{"origin":1494,"position":0},"title":"UE Cornell\u00e0 &#8211; Primer equipo","author":"bloguecornella","date":"5 de mayo de 2025","format":false,"excerpt":"\u00daltimas noticias sobre la UE Cornell\u00e0 Pr\u00f3ximos partidos \u00daltimos resultados Enlaces de inter\u00e9s Calendario Temporada 25\/26 Historia UE Cornell\u00e0 Clasificaci\u00f3n Tercera Federaci\u00f3n - Grupo V - 2025\/26","rel":"","context":"Entrada similar","block_context":{"text":"Entrada similar","link":""},"img":{"alt_text":"","src":"","width":0,"height":0},"classes":[]},{"id":2304,"url":"http:\/\/www.bloguecornella.es\/wordpress\/clasificacion-cd-almeda-25-26\/","url_meta":{"origin":1494,"position":1},"title":"Clasificaci\u00f3n CD Almeda 25\/26","author":"bloguecornella","date":"19 de agosto de 2025","format":false,"excerpt":"Tercera Catalana - Grupo 9 - 2025\/26 Posici\u00f3nEquipoPGEPGFGCDif.Ptos1\u00baUE Sants \"B\"181224472720382\u00baCE Codolar181224351817383\u00baCD Almeda18963331617334\u00baSan Lorenzo Catalunya18963312011335\u00baFC Deportivo Paraguay17102536333326\u00baCF Vilomara1784537316287\u00baCE Congres1891827252288\u00baCF Chacarita18675302010259\u00baCF Bufala18747282642510\u00baCD Trinidad187472426-22511\u00baFC Azul y Oro18666292902412\u00baFC Inspire Soccer186572627-12313\u00baCD Sant Genis-Penitentes1835102142-211414\u00baCE Canyelles \"B\"182792238-161315\u00baAE Young Talent Badalona Sud1824122141-201016\u00baCF Lloreda \"B\"1805131746-295","rel":"","context":"Entrada similar","block_context":{"text":"Entrada similar","link":""},"img":{"alt_text":"","src":"https:\/\/i0.wp.com\/www.bloguecornella.es\/wordpress\/wp-content\/uploads\/2025\/02\/Escudo-Almeda.png?fit=200%2C200&resize=350%2C200","width":350,"height":200},"classes":[]},{"id":1303,"url":"http:\/\/www.bloguecornella.es\/wordpress\/ue-cornella-juvenil-a-division-honor-grupo-3\/","url_meta":{"origin":1494,"position":2},"title":"UE Cornell\u00e0 &#8211; Juvenil A","author":"bloguecornella","date":"5 de mayo de 2025","format":false,"excerpt":"\u00daltimas noticias sobre el Juvenil A de la UE Cornell\u00e0 masculino. Enlaces de inter\u00e9s Calendario Temporada 2025\/26 Clasificaci\u00f3n Juvenil Divisi\u00f3n Honor 2025\/26 Historia Juvenil A - UE Cornell\u00e0 Clasificaci\u00f3n Divisi\u00f3n Honor Juvenil - Grupo 3 Temporada 2025\/26\u00a0","rel":"","context":"Entrada similar","block_context":{"text":"Entrada similar","link":""},"img":{"alt_text":"","src":"","width":0,"height":0},"classes":[]},{"id":2301,"url":"http:\/\/www.bloguecornella.es\/wordpress\/clasificacion-ue-sant-ildefons-25-26\/","url_meta":{"origin":1494,"position":3},"title":"Clasificaci\u00f3n UE Sant Ildefons 25\/26","author":"bloguecornella","date":"19 de agosto de 2025","format":false,"excerpt":"Segunda Catalana - Grupo 3 - 2025\/26 Posici\u00f3nEquipoPGEPGFGCDif.Ptos1\u00baFC Sporting Gav\u00e0 2013181323431924412\u00baCF Racing Vallbona181152412120383\u00baUD Unificaci\u00f3n Bellvitge181026372611324\u00baAE Bon Pastor179263031-1295\u00baUE Sant Ildefons1883836315276\u00baCF Barceloneta1875630291267\u00baCF Gav\u00e01867526251258\u00baFAF L'Hospitalet187472935-6259\u00baUD Marianao Poblet186663031-12410\u00baCE Canyelles18657282712311\u00baEE Guineueta187293953-142312\u00baCE Sant Ignasi1871104243-12213\u00baUD Sector Montserratina185672429-52014\u00baAE Prat \"B\"184592731-41715\u00baCP Sarria183692235-131516\u00baC. At. Iberia1732122442-1811","rel":"","context":"Entrada similar","block_context":{"text":"Entrada similar","link":""},"img":{"alt_text":"","src":"https:\/\/i0.wp.com\/www.bloguecornella.es\/wordpress\/wp-content\/uploads\/2025\/02\/Escudo-UE-Sant-Ildefons.jpg?fit=319%2C319&resize=350%2C200","width":350,"height":200},"classes":[]},{"id":1323,"url":"http:\/\/www.bloguecornella.es\/wordpress\/bio-fundacio-uec-fem\/","url_meta":{"origin":1494,"position":4},"title":"Fundaci\u00f3 UE Cornell\u00e0 &#8211; 3\u00aa Fed Fem Grupo 5","author":"bloguecornella","date":"4 de mayo de 2025","format":false,"excerpt":"\u00daltimas noticias Fundaci\u00f3 UE Cornell\u00e0 Femenina Pr\u00f3ximos encuentros \u00daltimos encuentros Enlaces de Inter\u00e9s Calendario Temporada 2025\/26 Historia Fundaci\u00f3 UE Cornell\u00e0 Clasificaci\u00f3n Tercera Federaci\u00f3n Femenina - Grupo V - 2025\/26","rel":"","context":"Entrada similar","block_context":{"text":"Entrada similar","link":""},"img":{"alt_text":"","src":"","width":0,"height":0},"classes":[]},{"id":153,"url":"http:\/\/www.bloguecornella.es\/wordpress\/2a-catalana-cd-almeda\/","url_meta":{"origin":1494,"position":5},"title":"2\u00aa Catalana &#8211; CD Almeda","author":"bloguecornella","date":"16 de septiembre de 2024","format":false,"excerpt":"Clasificaci\u00f3n 2\u00aa Catalana Grupo 3 Temporada 2024-25 \u00a0 \u00a0 P G E P GF GC Dif. Ptos 1\u00ba APA Poble Sec 28 19 3 6 68 46 22 60 2\u00ba Terlenka Barcelonista 28 15 6 7 59 35 24 51 3\u00ba Sector Montserratina 28 15 3 10 61 46 15\u2026","rel":"","context":"Entrada similar","block_context":{"text":"Entrada similar","link":""},"img":{"alt_text":"","src":"https:\/\/i0.wp.com\/www.bloguecornella.es\/wordpress\/wp-content\/uploads\/2025\/02\/Escudo-Almeda.png?fit=200%2C200&resize=350%2C200","width":350,"height":200},"classes":[]}],"_links":{"self":[{"href":"http:\/\/www.bloguecornella.es\/wordpress\/wp-json\/wp\/v2\/pages\/1494","targetHints":{"allow":["GET"]}}],"collection":[{"href":"http:\/\/www.bloguecornella.es\/wordpress\/wp-json\/wp\/v2\/pages"}],"about":[{"href":"http:\/\/www.bloguecornella.es\/wordpress\/wp-json\/wp\/v2\/types\/page"}],"author":[{"embeddable":true,"href":"http:\/\/www.bloguecornella.es\/wordpress\/wp-json\/wp\/v2\/users\/1"}],"replies":[{"embeddable":true,"href":"http:\/\/www.bloguecornella.es\/wordpress\/wp-json\/wp\/v2\/comments?post=1494"}],"version-history":[{"count":9,"href":"http:\/\/www.bloguecornella.es\/wordpress\/wp-json\/wp\/v2\/pages\/1494\/revisions"}],"predecessor-version":[{"id":2309,"href":"http:\/\/www.bloguecornella.es\/wordpress\/wp-json\/wp\/v2\/pages\/1494\/revisions\/2309"}],"wp:attachment":[{"href":"http:\/\/www.bloguecornella.es\/wordpress\/wp-json\/wp\/v2\/media?parent=1494"}],"curies":[{"name":"wp","href":"https:\/\/api.w.org\/{rel}","templated":true}]}}